its digit of k?
9
Suppose 15*n - 304768 = -18*n + n. What is the tens digit of n?
2
Let q(z) = z**3 + 13*z**2 + 21*z - 8. Let n be q(-11). Suppose n*i - 376 - 47 = 0. Let v = 220 - i. What is the tens digit of v?
7
Let f = 413 + -157. Let i = f - 106. What is the hundreds digit of i?
1
Suppose 0 = 31*r + 73 + 206. Let i = 125 + r. What is the tens digit of i?
1
Let g = 24407 - 3915. What is the hundreds digit of g?
4
Suppose 2*g = -x + 615, -10*x - 1234 = -4*g - 8*x. What is the tens digit of 77/g - (-3126)/8?
9
Let n(b) = 2*b**2 - 4*b + 13. Let g be -3 + (-40)/24 + (-4)/3. What is the tens digit of n(g)?
0
Suppose 5*u - 532 = 12*u. Let o be -1 - (u - (-3)/(-1)). What is the tens digit of (-13)/o + (-194)/(-12)?
1
What is the hundreds digit of (-120)/(-18)*(-25992)/(-30)?
7
What is the tens digit of 165/(-154) + 2/4 + 77182/98?
8
Suppose 6 + 6 = 3*j - 3*g, -17 = -5*j + 2*g. Suppose 4*i = -x + 328, 0 = -2*x + 5*i - j*i + 656. What is the hundreds digit of x?
3
What is the units digit of 96/(-90)*-5*195831/12?
6
Let o = -5401 + 23365. Suppose 110*x = 128*x - o. What is the tens digit of x?
9
Suppose 132*f = -30*f + 149953 + 331997. What is the hundreds digit of f?
9
Suppose -4*b - 1 = 3*l - 8, -b + 5*l - 27 = 0. What is the hundreds digit of 215*(0 + b - (-3 - 1))?
4
What is the units digit of (2184 + -2330)*((-721)/2 - 1)?
9
Let v be 32/(-10) + (-20)/25. What is the units digit of (-137)/v - (-12)/16?
5
Suppose -5*v + 183815 = 5*t, 73547 = -67*t + 69*t - v. What is the thousands digit of t?
6
Let y(v) = v**3 - 18*v**2 + 10*v + 18. Let g be y(18). What is the units digit of g/5 - (162/(-30) - -6)?
9
Let d(f) = f**3 + 5*f**2 + f + 2. Let q be d(6). What is the units digit of 275/165 + q/6?
9
Let m = -116 - -128. What is the units digit of 2904/55 - m/15?
2
Let w = 34 - 0. Let k = 52 - w. Suppose 68 + k = d. What is the tens digit of d?
8
Suppose 0 = -t + q - 6, 2*t + 13 = 5*q - 5. Let i be 20/(-80) + (-9)/t. Suppose -3*r - 22 = -5*r + i*j, -2*j + 23 = 3*r. What is the units digit of r?
9
Let r = -59 - -68. Suppose 0 = 5*w + r + 11. What is the units digit of ((-6)/w)/(((-231)/(-1960))/11)?
0
Suppose 7*w = -4420 + 50032. What is the tens digit of w?
1
Suppose -35*t = -24*t - 299068. What is the thousands digit of t?
7
Let q(z) = z**3 - 10*z**2 - 8*z - 25. Let m be q(12). Let x = m + -76. What is the tens digit of x?
9
Suppose 4*t - 107332 = 4*v, 4*t = -5*v + 5718 + 101596. What is the units digit of t?
1
Suppose -5*w = f + 2421, 5*f = 3*w + w + 1960. Let x = w - -1336. What is the hundreds digit of x?
8
What is the hundreds digit of (-783640)/(-60)*6/4?
5
Let w(s) be the first derivative of 17*s**3 + s**2 - 6*s - 41. What is the units digit of w(-2)?
4
Let n = -19964 - -33474. What is the ten thousands digit of n?
1
Let i(r) = 217*r + 21. Let q(f) = 217*f + 20. Let u(k) = -3*i(k) + 2*q(k). What is the units digit of u(-2)?
1
Let k(a) = -110*a - 1947. What is the hundreds digit of k(-39)?
3
Suppose -y = 2*c - 1160, 3*y = -4*c - c + 3484. Suppose 73*v + y = 75*v. What is the tens digit of v?
8
Let d be 18/96 - (-26550)/(-288). Suppose 5*t - 2*t + 42 = 0. What is the hundreds digit of d/5*105/t?
1
Let l be 20/8*(-18)/(-15). Let n(t) = t**l + 85*t - 16 + 6 + 10*t**2 - 79*t. What is the units digit of n(-8)?
0
Suppose -2*t - 2*t + 168 = 4*o, -t = -3*o - 34. Let b be (19 - 29)*(-2)/(-4). Let g = t + b. What is the units digit of g?
5
Let l(h) = 91*h**2 - 399*h - 7597. What is the units digit of l(-19)?
5
Let f(q) = 8*q**2 - 4 - 5*q**2 + 174*q**3 + 5*q - 3*q. Suppose 0 = 2*d - 177 + 175. What is the tens digit of f(d)?
7
Suppose 21*q = 12*q - 22522 + 123394. What is the units digit of q?
8
Suppose 307 - 301 = 3*p. Suppose 0 = -2*f - 5*d + p*d + 370, 0 = 3*d. What is the hundreds digit of f?
1
Let f = 1 + 1. Suppose 0 = f*p + 5*c - 1628, -931 = -p + 3*c - 95. Suppose 3*g + 5*g = p. What is the hundreds digit of g?
1
Let g be (-1 + 0)*(15 - -424). Let r = g + 1073. What is the hundreds digit of r?
6
Suppose 0 = 3*f - 1225 - 137. Let c = -62 + f. What is the hundreds digit of c?
3
Let l(n) be the third derivative of -n**6/120 - 13*n**5/60 + 7*n**4/8 - 6*n**3 - n**2 + 66*n. What is the units digit of l(-15)?
9
Suppose -5*t - 4*k = -0*t + 110, -4*k - 38 = t. Let w = t - -28. Suppose 4*z + 243 = -o + 6*o, 0 = -5*z - w. What is the units digit of o?
7
Let l(r) = -14*r + 4. Let v be l(-2). Let d be 46*((-12)/v*-4 - -3). Suppose 16*z - d = 13*z. What is the units digit of z?
9
Let v(z) be the first derivative of 2*z**3 - 3*z**2 + 2*z - 20. What is the hundreds digit of v(-6)?
2
Suppose 6 = 9*h - 7*h, -3*f - h = -50685. What is the units digit of f?
4
Suppose 0 = 8*a - 19 - 165. Suppose a*x - 7*x = 9728. What is the units digit of x?
8
Suppose -3*g + w + 17671 = 0, g - 6413 = -w - 520. What is the thousands digit of g?
5
Let q be 2/(-3*(-4)/24). Let g = 8 - 6. Suppose -4*f + 252 = q*a, -g*f + f = 4*a - 243. What is the tens digit of a?
6
Let q = 286 + -275. Let c = q - -98. What is the tens digit of c?
0
Let o = -95 + 88. What is the tens digit of -1*(o + 4 + -164)?
6
Suppose 3185 = 9*b - 4951. Let o = b + -205. What is the tens digit of o?
9
Let q(b) = 33*b - 120*b + 27*b + 35*b + 220 + 29*b. What is the tens digit of q(-20)?
4
Suppose -8*o + 11*o - 4*j = 31208, -5*o + 4*j = -52008. What is the units digit of o?
0
Let z(f) = 801*f + 19960. What is the hundreds digit of z(0)?
9
Let h(f) = 75375*f + 2897. What is the thousands digit of h(1)?
8
Suppose 4*d - 5*m = 9055, -8*d + 9*d - 2*m - 2266 = 0. Suppose 6*y - 5*y = -2*b + 901, -5*b - 5*y + d = 0. What is the tens digit of b?
4
Let n(w) = 361*w**2 - 156*w + 13. What is the units digit of n(6)?
3
Suppose -2*f - 108 = 7*f. Let q be -4 - 8/f*6. Suppose -5*x + 29 + 21 = q. What is the units digit of x?
0
Let o(j) = 6*j**3 - j**2 - 5*j + 2. Suppose -3*u = -4 - 17. Suppose 11 = u*n - 3. What is the units digit of o(n)?
6
Let i(y) = -12*y**3 + 2*y**2 - 2. Suppose -2*v + 0*v = 2. Let m be i(v). Let b(t) = 15*t - 32. What is the units digit of b(m)?
8
Let p(u) = u**3 + 30*u**2 - 31*u + 4. Let t be p(-31). What is the tens digit of 2784/128 - (-1)/t?
2
Suppose 3*d = -n + 12324 - 804, 4*n = -2*d + 46040. What is the tens digit of n?
0
Let b = -24 - -35. Suppose b*f = 16*f - 115. Suppose -f*p + 18*p + 1155 = 0. What is the tens digit of p?
3
Suppose 24 + 116 = -7*q. Let o be (390/q)/(6/8). Let c = o + 171. What is the units digit of c?
5
Suppose 3*k - 328 = 5*w - 12, 0 = 4*w + k + 263. Let s = -24 - w. Let o = s + -16. What is the tens digit of o?
2
Let t(z) be the third derivative of -z**6/120 + z**5/5 - 7*z**4/24 - z**3/3 + 5*z**2. Let d be t(12). What is the units digit of (d + 2)*13/(-13)?
4
Let t(g) = g**2 + 7*g - 36. Let o be t(-10). Let j be ((-6)/8)/(1/52). What is the hundreds digit of ((-32)/o)/((-2)/j)?
1
Let p = -37090 + 63933. What is the units digit of p?
3
Let p be ((-480)/35)/(-4)*7. Suppose 15*r = p*r - 1305. What is the units digit of r?
5
What is the hundreds digit of 5 + (-26)/4 + 19937/2?
9
Suppose 27*p - 20673 = -2*s + 24*p, -3*s + 31008 = 3*p. What is the thousands digit of s?
0
Let f(h) = 2*h**2 + 24*h - 25*h - 24 + 78 + 2*h**2. What is the hundreds digit of f(-8)?
3
Let x(d) = 58*d + 95. Let t be x(27). Let h = t + -924. What is the tens digit of h?
3
Suppose -92694 = -4*c + h, h - 39419 = -4*c + 53279. What is the ten thousands digit of c?
2
Suppose 14*j = 17*j - 2*c - 5634, 18 = 3*c. What is the thousands digit of j?
1
Suppose i = -5*z + 6, 3*z - 5*z + 24 = -5*i. Let w(j) = 0*j**2 - 5 - j**2 + j**3 + 7*j**2 + 8*j**z + 9*j. What is the units digit of w(-13)?
7
What is the tens digit of 752/(-1128) + 1*27532/6?
8
Let b(k) = -k**3 - 12*k**2 - 17. Suppose -4*z + 132 = 3*p, -p - 135 = -4*p - 3*z. Suppose j = q - 11, 3*q = 4*j + q + p. What is the hundreds digit of b(j)?
1
Let f be -1 + 0 - 12/(-3). Let m be (-10 + 10)/(1 + -3). What is the tens digit of f/6*m - -34?
3
Suppose 2*g = -5*s + s + 118, -113 = -2*g - 3*s. Let p = g - 45. What is the units digit of (3 - 1)/(p/488)?
4
Let a be 17/(5/1810*2). Let y = 197 + a. What is the hundreds digit of (2/3)/(-5 + y/654)?
1
Let y = -62 + 48. Let k be y/7*7*(0 + -1). Let p(b) = 2*b**2 - 22*b + 42. What is the tens digit of p(k)?
2
Let v = 166289 + -112061.